60*n**3 - 9*n**2 + 5*n + 3. Is w(4) composite?
False
Let s(v) = -3*v + 25. Let a be s(7). Suppose -a*n + 2887 + 19509 = 0. Is n prime?
False
Let b(w) = -1169*w - 112. Let f(j) be the third derivative of 73*j**4/24 + 7*j**3/6 - 3*j**2. Let k(g) = -4*b(g) - 63*f(g). Is k(8) prime?
False
Let r = 19 - 12. Suppose 0 = 9*o - r*o. Is (-3)/(-9)*(147 - o) a composite number?
True
Suppose 2*z + 839 = -525. Let b = 1349 + z. Is b a composite number?
True
Let s be ((-6)/4)/(3/(-14)). Suppose 0 = -s*x + 12*x - 5505. Is x a prime number?
False
Suppose -3*l + z - 19 = 3*z, 5*z + 22 = l. Is (-31)/((-198)/39 + 2 - l) a prime number?
False
Suppose 2*f - 14 = 2*d, 2*f - 48 = 5*d - 16. Let w be (8/d)/((-19)/57). Is 765/4 + w/(-16) prime?
True
Let p(v) = -v**3 + 9*v**2 + v - 7. Let c be p(9). Let q = -2 - c. Let a(b) = -7*b**3 + 3*b**2 + 3*b + 3. Is a(q) a composite number?
False
Let i(j) = j**3 + j + 496. Let u be i(0). Let h = u + 403. Is h prime?
False
Let m be 8 + -2*(-6)/12. Suppose -3*c = -m*c + 6438. Is c a prime number?
False
Let u be ((-252 - 2) + -4)*(-3)/(-2). Let t = -176 - u. Is t prime?
True
Let s be (-8547)/(-14) + 2/4. Let z = s + 1046. Is z prime?
True
Suppose 0 = -11*c + 346601 - 88442. Is c prime?
False
Let j be ((-77)/44)/(2/(-1688)). Let z = j - -86. Suppose 2084 = 4*q + 4*l, 5*l + z = -2*q + 5*q. Is q prime?
True
Let y = 2285 + 6327. Suppose 0 = 4*v + o - 5*o - y, v - 3*o - 2161 = 0. Is v a composite number?
True
Is 2/17 + 16132843/323 a composite number?
True
Let w = 2051 + -1198. Is w a prime number?
True
Let o(t) = 25*t**2 + 34*t - 50. Is o(29) composite?
False
Let n(q) = 12*q**2 - 20*q + 161. Is n(33) a prime number?
True
Let z be 15/(-2)*((-2)/1 + 8). Is (-18)/12*(-5)/(z/(-1524)) a composite number?
True
Suppose -2*t = i - 2, -15 + 1 = 5*i - 2*t. Is 443*((-12)/i - 5) prime?
True
Let m be (2/4)/((-2)/1096). Suppose -7*j + 1965 = -2*j. Let o = m + j. Is o prime?
False
Let a(r) = 0 - r**2 + 10 + 0*r + 5*r. Let h be a(6). Suppose 0 = h*d - 245 + 61. Is d prime?
False
Let r(i) = 1155*i - 194. Is r(5) a prime number?
True
Suppose o = -3*o + 20. Suppose -1 = c - o. Suppose -86 = -5*s - c*j, 2*j - j - 18 = -s. Is s a prime number?
False
Let j be (-2)/6 - (-78)/(-9). Let h(w) = 9*w**2 + 7*w + 7. Is h(j) a prime number?
True
Let b(j) = j**2 - 4613. Let r be b(0). Let a = -2251 - r. Is a a composite number?
True
Let p = 3307 - 1433. Is p a composite number?
True
Suppose -2091 = -r - r + t, 8*t = -r + 1003. Is r composite?
True
Is 2 + 9216 + (-13 - -24) a composite number?
True
Suppose 14*s - 72251 - 57585 = 0. Is s composite?
True
Suppose l + 58 = 2*l + u, -2*l + 3*u = -126. Let n(y) = -3*y + 27. Let j be n(8). Suppose r = -j + l. Is r prime?
False
Let x(c) = 205*c**2 + 11*c + 1. Let u(p) = -102*p**2 - 5*p. Let w(z) = -7*u(z) - 3*x(z). Let i be w(2). Let l = -231 + i. Is l composite?
True
Let y(f) = 3*f - 12. Let d be y(5). Suppose -u + 5*m = 2*u - 952, 0 = -d*u + m + 956. Is u prime?
False
Is 132/484 + 122468/22 a prime number?
False
Let i = 164 + -97. Let t be (-3)/(12/i)*8. Is 2/(-8)*t*2 a composite number?
False
Suppose -2*y + 3*y - 38 = 4*w, 4*y + 4*w - 72 = 0. Suppose 21*t + 65 = y*t. Is t composite?
True
Let b(t) = 169*t - 3. Let l = -8 + 10. Is b(l) a composite number?
True
Let w be -1 + 2 + 5 + -2. Is w/2*3004/8 a prime number?
True
Let o(g) = g**3 + g + 2251. Let t be o(0). Let q = t + 1384. Suppose 51 = -m + 3*u + 778, 3*u - q = -5*m. Is m a composite number?
False
Suppose 3*j - 4*h + 8 = 0, 2*j + h + 13 - 4 = 0. Let g be 3 + j + (4 - -1). Suppose 2*z = -g*b + 254, 4*z + 0*b = b + 526. Is z a composite number?
False
Is (-25977)/6*(-14 - -12) a composite number?
True
Let m(z) = 2111*z + 82. Is m(5) prime?
False
Suppose 7034 = 2*n + 996. Is n a composite number?
False
Let t = 1344 - -5491. Is t composite?
True
Suppose 3 = 3*q - 12. Suppose -q*v = -150 - 5. Suppose 5*r = -v + 196. Is r a prime number?
False
Let x(u) be the first derivative of -86*u**3 - 3*u**2/2 + 7*u - 9. Let l(p) = -1. Let n(g) = -5*l(g) - x(g). Is n(1) composite?
True
Let y = -6 - -10. Suppose z - 4*z + y*o + 3 = 0, 0 = -2*o + 6. Suppose -5*i + 569 - 119 = -p, -z*p + 153 = 2*i. Is i composite?
False
Suppose -5*o - 4 = -3*j, 3*o - 2 = 7*o - 2*j. Let l(a) = 69*a + 2 - 1 + o. Is l(1) prime?
True
Suppose 0 = 8*v - 9*v + 29567. Is v composite?
False
Let y(m) = 4*m + 24. Let k be y(-6). Suppose k = 14*p - p - 6357. Is p composite?
True
Let i be 3/6*-2 + 13. Suppose i = o + 2*o. Suppose -769 = -o*s - 237. Is s a composite number?
True
Let b = -10939 - -18546. Is b a prime number?
True
Let n(z) = -109*z + 5. Let r be 2/((-8)/12)*4/6. Is n(r) a prime number?
True
Suppose 52*a - 2584209 = -5*a. Is a composite?
False
Let x(j) = j**3 + j**2 - 6*j + 5. Suppose -6*l + 4*l + 6 = 0. Is x(l) a composite number?
False
Let z(g) = 35536*g**2 + 26*g - 25. Is z(1) composite?
False
Suppose -4*p - 14*p = -60570. Is p a prime number?
False
Suppose -l + 4302 = 2*z - 3011, 5*l - 14611 = -4*z. Is z prime?
True
Let z(d) = -50*d - 22. Is z(-6) prime?
False
Let r = -1031 + 4845. Is r a prime number?
False
Let i(p) = -2*p + 26. Let d = 29 + -16. Let z be i(d). Suppose 4*f = -z*f + 764. Is f a prime number?
True
Let d = 9 - 19. Let b(r) = r**3 + 10*r**2 + 8. Let w be b(d). Is 21/28 + 1634/w prime?
False
Let v = 128 + 136. Let u = -173 + v. Is u a composite number?
True
Suppose 0 = 2*o - k - 24, 3*k - 10 = -5*o + 28. Let i be (0 - 0)/2 + o. Suppose c = -i + 49. Is c composite?
True
Suppose 0 = 4*j - i - 4*i - 9278, 0 = -5*j + 2*i + 11589. Is j prime?
False
Suppose 0*m - 4*m = 88. Let j = m - -22. Let z(w) = -w + 53. Is z(j) a prime number?
True
Let d(z) = -5*z - 1. Let r be d(-1). Let i(k) be the second derivative of k**5/20 - k**4/4 + k**3/6 + 3*k**2/2 + 79*k. Is i(r) prime?
True
Let y = -12 - -14. Suppose -s - 18 = 2*j, y*j - j + 21 = -2*s. Let r(d) = 7*d**2 + d + 9. Is r(s) a composite number?
False
Suppose -36*v - 21252 = -40*v. Let l = -2119 + v. Is 2/13 - l/(-26) composite?
True
Let x = 969 - 68. Is x a composite number?
True
Let x(p) = -4*p + 15. Let k = 49 + -35. Let u be x(k). Let r = u - -64. Is r composite?
False
Suppose 282 = -5*y + 4*u, -2*y - 50 = -y - 4*u. Let s = y + 472. Let p = -155 + s. Is p a prime number?
False
Let a = 7109 - -2858. Is a a prime number?
True
Suppose 9 = 4*n - n. Suppose 2*l - 18 = -2*l + v, 2*v + 4 = 0. Suppose -1 = d, -n*k - 442 = -l*k - d. Is k a composite number?
False
Suppose 33*u - 4170 = 23*u. Suppose -5*v + 1268 = -2*w, -2*v + 5*w + u = -86. Is v composite?
True
Let o = 70 - 42. Let s be (-6254)/14 + (-8)/o. Let r = -248 - s. Is r a composite number?
False
Let i(d) = 46*d**2 + 14*d - 1. Let r = 28 - 22. Is i(r) a prime number?
False
Suppose 21104 = 24*h - 8*h. Is h prime?
True
Suppose -5*r - 8*j + 7*j + 2077 = 0, -5*j = r - 425. Is r a prime number?
False
Let o(g) = 3*g**3 - 7*g - 19. Let y = -3 - -11. Let d be o(y). Suppose 0 = 5*v + b - d - 150, -v - 2*b = -315. Is v a composite number?
True
Let r be (-2 + (-34)/(-2))/1. Let w = 15 - r. Suppose -5*m + w*m = -155. Is m a prime number?
True
Let v(s) = 10*s**3 + s**2 - s + 1. Let h be v(1). Let q be 4/6*(-8 + h). Suppose o + 2*o = 5*d + 512, -5*d = -q*o + 333. Is o a prime number?
True
Suppose 42495 = -65*m + 80*m. Is m a prime number?
True
Suppose 4*j + 3*o = -3106 + 47552, -2*j = o - 22224. Is j composite?
False
Suppose 173*m = 172*m + 134033. Is m a prime number?
True
Suppose -4 = 12*d - 14*d. Suppose -853 + 179 = -d*h. Is h composite?
False
Suppose 0 = -4*g + q + 21, 0 = q + q + 10. Suppose -4*m + 1147 = -i, m = -g*m + 5*i + 1430. Is m a composite number?
True
Suppose -4*g - c - 34339 = 0, 8*g + 3*c = 3*g - 42929. Let i = g + 13071. Is i composite?
True
Let v be 1/((-5)/2) - 20673/(-45). Let o = 852 - v. Is o composite?
True
Let y(h) = -2*h - 16. Let k be y(-13). Suppose 4*f = 2*f + k. Suppose -2*o + 0*n + f*n + 803 = 0, -1621 = -4*o + 5*n. Is o prime?
True
Suppose 14 = -d + 19. Is (-25)/d*(1 - 1971/5) prime?
False
Suppose -106 = w - 108. Suppose -w*m + m = -409. Is m composite?
False
Let v(u) = 418*u + 21. Is v(4) a composite number?
False
Let k = 3623 + -2530. Suppose -3*a + t + 1057 = -4*t, 4*t - k = -3*a. Is a a composite number?
False
Let y(a) = -5*a. Let d(u) = 327*u**2 + 4360*u. Let z(w) = 5*d(w